 18. Suppose -4*m - 2*h = 46, -4*m - 35 = 4*h + 13. Calculate c(m).
15
Suppose 7*a - 12*a + 22 = -4*p, 0 = 2*a + p - 1. Suppose g - a = -3*t, 0*t + 43 = -4*g + 5*t. Let z(f) = -2*f + 10. Give z(g).
24
Let m(j) = -j**2 - 20*j + 13. Let t be m(-14). Suppose 5*a - t = -142. Let x(g) = -g**3 - 10*g**2 - 9*g + 5. Calculate x(a).
5
Let c(r) be the second derivative of 0 + 1/6*r**3 + 8*r**2 + 205*r. Determine c(-17).
-1
Let n(z) = -3*z**3 - 32*z**2 + 62*z + 8. Let i(c) = -2*c**3 - 17*c**2 + 35*c + 5. Let p(d) = -7*i(d) + 4*n(d). Give p(3).
-21
Let j(p) = -2271 + 2280 - 2*p**2 - 21*p + 16*p. Calculate j(-5).
-16
Let h(i) = 21*i**2 + 11*i - 22. Let g(q) = 4*q**2 + 2*q - 4. Let m(j) = -22*g(j) + 4*h(j). Suppose n = 5*n + 24. Let y be (-2)/n*(7 + -4). What is m(y)?
-4
Suppose 0*x - 4*x + 12 = 0. Let t(m) = -m**2 + 44*m - 287. Let g be t(36). Let f(h) = -4 - 145*h + g + 143*h + h**2 + 4*h**2 - 4*h**2. Determine f(x).
0
Suppose 16 = 2*u - 2*y - 0*y, 4*u + 4 = -5*y. Let f(j) = j + 6*j - 6*j + 2*j - u*j + 1. What is f(-7)?
8
Let m(z) = -z + 2. Let o = 62 + -63. Let x(b) = -b + 3. Let q(p) = o*x(p) + 3*m(p). Give q(3).
-3
Suppose -28 = 4*b + 5*t, 4*b - t = 8*b + 28. Let j(l) = l + 4. Let q be j(b). Let m(o) = -o**3 - 2*o**2 - 4. Calculate m(q).
5
Let g(a) = -29*a + 80*a - 5*a**2 - 38*a. Let h(s) = 4*s**2 - 12*s - 1. Let l(b) = -5*g(b) - 6*h(b). Determine l(-9).
24
Suppose 171 = 37*c + 207 - 776. Let f(z) = -14*z + 274. Calculate f(c).
-6
Let a(y) be the third derivative of 37*y**4/24 - 181*y**3/6 + 1331*y**2. Determine a(5).
4
Let i(r) be the first derivative of 5*r**4/4 + 2*r**3/3 - 3*r**2/2 - 6420. Determine i(1).
4
Let x(d) be the third derivative of 42*d**2 - 2/15*d**6 + 2 + 0*d**3 + 1/24*d**4 + 0*d + 0*d**5. Calculate x(1).
-15
Suppose -4*o - 18 = 5*o, -4*n = 2*o + 164. Let p(i) = 4*i + 161. Give p(n).
1
Let d(f) = f**2 - f + 3. Let v be d(3). Suppose 3*x - 6 = v. Let c(b) = 2*b + 9*b - 1 - x*b + b**2 + 3. Determine c(-6).
2
Let s be (-3)/(-6)*-3*-2 + -1. Suppose -5*m - 4*v + 10 = -2*v, -5*m + 30 = -s*v. Let j(t) = t**3 - 4*t**2 + 3*t - 9. Give j(m).
3
Let d(p) = -p**3 + 6*p**2 + 2*p - 7. Suppose -155*h + 147*h + 320 = 0. Let x be (-6)/30 + 248/h. Calculate d(x).
5
Let n be (15/6)/(1/(-2)). Let g(x) = 1 + 18 - 9 + 4*x - 3. Calculate g(n).
-13
Let y(r) = r**2 - r - 9 + 2 - 2 + 0 + 8*r. Let l(x) = -2*x + 6. Let g be l(2). Suppose -g*q - 4*k = -6, -15 = -4*q + 5*k - 68. Determine y(q).
-9
Let o(m) = -m**3 + 204*m**2 - 18*m - 88*m**2 + 20*m - 83 - 73*m**2. Give o(43).
3
Let f = -15938 - -15950. Let r(i) = -i**3 + 11*i**2 + 20*i - 94. Calculate r(f).
2
Let p(s) = 12 - 5*s**2 + 3*s + 9 - 25 + 3. Let w(b) = 4*b**2 - 4*b + 2. Let c(g) = 3*p(g) + 4*w(g). Calculate c(6).
-1
Let m(l) be the third derivative of l**4/12 - 8*l**3/3 + 5425*l**2 - 1. Let i = 10 - 2. What is m(i)?
0
Let c be -6 + 3 + 14/(4 + -2). Let b(v) = -8 + 7*v**2 + 2 - 2*v**3 + c*v**3 - 5*v - 3*v**3. Suppose 5 = 2*x - 7. What is b(x)?
0
Let w(c) be the third derivative of 3*c**5/40 - 95*c**3/3 + c**2 + 88*c. Let p(a) be the first derivative of w(a). What is p(-1)?
-9
Let v(r) = -20*r + 61. Let c be (-2 - 3) + 17 - 9. What is v(c)?
1
Let u(q) be the third derivative of -q**6/120 - q**5/10 + q**4/4 - 4*q**3/3 - 99*q**2 - 7*q. Let i be 2/(-4 + (-52)/(-14)). Give u(i).
-1
Let b(g) = g**2 - 5*g + 1. Let y = 49 - 41. Let q be 5 - y/(8/3). Suppose -q*a - 4*w + 15 = -9, -a + w = 0. Give b(a).
-3
Let t(y) = 4*y + 3. Suppose 313 = 5*i + 163. Let a be (-6)/i*(-4 + -11). Determine t(a).
15
Let o(w) = 564 - 575 - 16*w - 17*w + 43*w - 11*w. Give o(9).
-20
Let a = 248 - 183. Let u(v) = -a*v + 1 - 66*v - 68*v + 197*v - 2*v**2. Suppose -2 = -l - 1. Determine u(l).
-3
Suppose -3*q = -f + 29, 0*q + 5*q - 4*f + 39 = 0. Let u = -7 - q. Let r(d) = -107 - 112 - 3*d + 3*d**3 - 3*d**2 + 219 - 2*d**3. What is r(u)?
4
Let p = 43 + -24. Let k(y) = -p*y + 20*y + 13 - 10. Suppose 36 = 4*d + 56. Give k(d).
-2
Suppose -5*n = 3*v - 16 - 6, 2*v - 12 = -2*n. Suppose 2*z + 1 = 4*i - 19, 4*i - 4 = -n*z. Let r(h) = h**2 + 3*h + 4. What is r(i)?
22
Let w(g) = -g**2 - 13*g - 17. Let l be w(-11). Let f(p) = -10 + 16*p + 5*p - 6*p - l*p - p**2. Calculate f(9).
-1
Let y = -27 - -23. Let g(r) = -4*r**2 - 3*r - 7. Let v(l) = 0*l + 1 - l**2 + 2*l**2 + l + 0*l. Let o(q) = g(q) + 3*v(q). Calculate o(y).
-20
Let x(b) = -44*b - 15*b**3 - 5 - 6*b - 20*b**2 + 15 + 14*b**3. Calculate x(-17).
-7
Suppose -574 = 7*d - 560. Let k(l) = -l**3 - l**2 + 2*l + 5. Determine k(d).
5
Let r(f) = -35*f - 765. Let i be r(-22). Let c(x) = x**3 - 6*x**2 - 4*x - 5. Determine c(i).
-50
Let n(g) be the third derivative of g**4/12 + 3*g**3 + 25*g**2. Calculate n(16).
50
Let q(s) be the second derivative of -25*s**3/6 + 11*s**2 - 28*s - 39. What is q(1)?
-3
Let k(j) = j**2 + 11*j - 11. Let o be ((-342)/(-190))/(24/(-160)). What is k(o)?
1
Let n(y) = -11 - 4*y + 284*y**2 - 6 - 577*y**2 - 29 + 294*y**2. Calculate n(9).
-1
Let x(b) be the second derivative of b**5/5 - b**4/12 + b**2/2 + 138*b. Let n be (-28 + 34)/((-24)/(-4)). Calculate x(n).
4
Let y(s) = -s**2 - 5*s - 1. Let p be ((-20)/(-8))/((-3)/(-6)). Suppose q = 1 + p. Suppose -3*d - q = 12. Calculate y(d).
-7
Let n be 1/(-3) - (-70)/21. Suppose -2*f = -2*o + 268, 6*o - 9*o = -f - 410. Let q(r) = 284*r + n - 145*r - o*r. Determine q(4).
7
Let n = 56 + -64. Let j(s) = 4*s**3 + 3*s**2 + 3*s + 4. Let l(u) = 5*u**3 + u**2 + u + 5. Let i(h) = 4*j(h) - 3*l(h). Calculate i(n).
-7
Let l(o) = -5*o + 32. Let v = 1 - 3. Let y(i) = -i + 8. Let x(q) = v*l(q) + 9*y(q). Let k(d) = 13162*d + 52648. Let b be k(-4). What is x(b)?
8
Suppose 4*z = -217 + 257. Suppose -27*y + z = 91. Let s(x) = 2*x + 3. What is s(y)?
-3
Let z(g) = 2*g**3 - 4*g**2 + 3*g - 3. Let v = -353 - -335. Let x be ((-8)/(-48))/((-1)/v). Determine z(x).
24
Suppose -r + 3 = -2. Suppose 2*m - 9 = -r. Let t(x) = 3*x + 6*x**3 + 2 + 2*x**m - x - 1. Calculate t(-1).
-5
Let g(b) be the first derivative of 100 - 1/3*b**3 - 1/4*b**4 + 2*b**2 + 4*b. Give g(-3).
10
Let n be ((-13)/(-5) + -2)/((-156)/(-520)). Let l(d) be the second derivative of -7/2*d**n - 5/6*d**3 + 0 + 1/12*d**4 + 3*d. Calculate l(7).
7
Let z(u) be the second derivative of 1/120*u**5 + 0 + 0*u**2 - 2*u + 3/2*u**3 - 1/12*u**4. Let l(w) be the second derivative of z(w). What is l(-3)?
-5
Let k(s) be the first derivative of -s**3/3 - 11*s**2 - 9*s + 40. Calculate k(-21).
12
Let p(n) = -n + 5. Let o = 412 + -412. Suppose -10 = -s - 2*t + 5*t, s - 5*t - 14 = o. Give p(s).
1
Let f(q) = 3*q - 4*q + 0 + 4. Let c(v) = -9*v + 63. Let z be c(6). Suppose -z = -5*d - 24. Calculate f(d).
7
Let p(t) = -4*t - 3. Let y(x) = -22*x**3 + 23*x**3 + 5*x + 6*x + 18*x**2 + 4 + 8*x + 35. Let d be y(-17). Give p(d).
-23
Let h(p) be the third derivative of p**6/120 - p**5/10 - p**4/12 + 3*p**3/2 - 5*p**2. Let u(f) = f**2 + 2*f. Let a be u(-2). Let d = 6 + a. Calculate h(d).
-3
Suppose -102*i + 570 = -281 + 137. Let k(q) = -q**3 + 9*q**2 - 9*q + 2. Determine k(i).
37
Let o(y) = y**2 + 10*y - 8. Let d be 255/(-20)*((-80)/15)/4. Suppose c + d = -2*a, 5*c - 3*a + 4*a = -58. Determine o(c).
3
Suppose 0 = -610*l + 608*l + 1770. Let f = -890 + l. Let k(r) = r**2 + 5*r - 7. What is k(f)?
-7
Suppose -47*i + 188217 = -20*i. Let h(u) = i - 6963 + u**2 - 11*u + u. Calculate h(9).
-1
Let c(a) = 3*a - 3. Let m = -370 + 374. Suppose -4*q + 2 = -2. Suppose q - 13 = -m*j. Give c(j).
6
Let z = 82 - 47. Let j be 14/z + 16/10. Let h(u) = -5*u + 3*u - 38 - 2*u - u**j + 35. Determine h(-3).
0
Suppose -4*w + 3*w + 6 = 0. Let k(t) = -w + 5 + t**2 + 5 + 6*t. Let x(y) = 5*y**2 + 30*y + 21. Let l(b) = 11*k(b) - 2*x(b). Determine l(-7).
9
Let y(q) = -5*q**2 + 1. Let o be y(-1). Suppose -5*r = w - 7, 5*r = -3*w - 0*r + 11. Let j(m) = -5 + w*m + 0 - m**2 - 8*m + 0*m**2. Give j(o).
3
Let r(f) = 23*f**3 + 3*f**2 - 8*f + 12. Let t be r(3). Let a = -636 + t. Let u(l) = -l**3 + l - 11. Give u(a).
-11
Let r(w) be the third derivative of -9*w**4/8 + 163*w**3/3 + 4395*w**2. Calculate r(12).
2
Let b(j) = -3 + 8*j + 9*j**2 + 0 - 9*j**2 + 2*j**2 - 1 - 3*j**2. Let n(d) = 3*d - 1. Let i be n(2). Calculate b(i).
11
Suppose 11 = -5*t - 9. Let z(a) be the second derivative of -a**4/12 - a**3 - 3*a**2/2 + 7*a. Determine z(t).
5
Suppose -6*f + 5*f + 7*f = 0. Suppose f = -9*g - 0